{"id":1413,"date":"2016-07-04T23:45:16","date_gmt":"2016-07-04T21:45:16","guid":{"rendered":"http:\/\/www.coeurssansfrontieres.com\/de\/lacombe-schumacher-franziska\/"},"modified":"2017-08-09T12:25:19","modified_gmt":"2017-08-09T10:25:19","slug":"lacombe-schumacher-franziska","status":"publish","type":"page","link":"https:\/\/www.coeurssansfrontieres.com\/de\/startseite201805\/startseite-neue\/lacombe-schumacher-franziska\/","title":{"rendered":"LACOMBE-SCHUMACHER Franziska"},"content":{"rendered":"<p>[et_pb_section admin_label=&#8220;section&#8220;][et_pb_row admin_label=&#8220;row&#8220;][et_pb_column type=&#8220;4_4&#8243;][et_pb_team_member admin_label=&#8220;Personne&#8220; name=&#8220;LACOMBE-SCHUMACHER Franziska&#8220; position=&#8220;Correspondante pour l&#8217;Autriche \/ Korrespondentin f\u00fcr \u00d6sterreich Zum Beitritt in \u00d6sterreich&#8220; animation=&#8220;off&#8220; background_layout=&#8220;light&#8220; use_border_color=&#8220;off&#8220; border_color=&#8220;#ffffff&#8220; border_style=&#8220;solid&#8220; header_font_size=&#8220;28&#8243;] [\/et_pb_team_member][et_pb_contact_form admin_label=&#8220;Formulaire de contact&#8220; captcha=&#8220;on&#8220; email=&#8220;fralacombe@chello.at , coeurssansfrontieres-lequentrec@laposte.net&#8220; use_redirect=&#8220;off&#8220; success_message=&#8220;Merci pour votre message.&#8220; input_border_radius=&#8220;0&#8243; use_border_color=&#8220;off&#8220; border_color=&#8220;#ffffff&#8220; border_style=&#8220;solid&#8220; custom_button=&#8220;off&#8220; button_letter_spacing=&#8220;0&#8243; button_use_icon=&#8220;default&#8220; button_icon_placement=&#8220;right&#8220; button_on_hover=&#8220;on&#8220; button_letter_spacing_hover=&#8220;0&#8243; custom_message=&#8220;Message<\/p>\n<p>%%message%%<\/p>\n<p>Email:<\/p>\n<p>%%Email%%<\/p>\n<p>&#8220; saved_tabs=&#8220;all&#8220;] [et_pb_contact_field field_title=&#8220;Nom&#8220; field_type=&#8220;input&#8220; field_id=&#8220;Name&#8220; required_mark=&#8220;on&#8220; fullwidth_field=&#8220;off&#8220;] [\/et_pb_contact_field][et_pb_contact_field field_title=&#8220;Votre adresse e-mail (champ obligatoire)&#8220; field_type=&#8220;email&#8220; field_id=&#8220;Email&#8220; required_mark=&#8220;on&#8220; fullwidth_field=&#8220;off&#8220; form_field_font_select=&#8220;default&#8220; form_field_font=&#8220;||||&#8220; use_border_color=&#8220;off&#8220; border_style=&#8220;solid&#8220;] [\/et_pb_contact_field][et_pb_contact_field field_id=&#8220;Object&#8220; field_title=&#8220;Objet&#8220; field_type=&#8220;input&#8220; required_mark=&#8220;on&#8220; fullwidth_field=&#8220;on&#8220; form_field_font_select=&#8220;default&#8220; form_field_font=&#8220;||||&#8220; use_border_color=&#8220;off&#8220; border_style=&#8220;solid&#8220;] [\/et_pb_contact_field][et_pb_contact_field field_title=&#8220;Message&#8220; field_type=&#8220;text&#8220; field_id=&#8220;Message&#8220; required_mark=&#8220;on&#8220;] [\/et_pb_contact_field][et_pb_contact_field field_id=&#8220;Information&#8220; field_title=&#8220;Additionnez les deux chiffres ci-dessous \u00e0 droite et notez le r\u00e9sultat dans la case apr\u00e8s le signe =&#8220; field_type=&#8220;input&#8220; required_mark=&#8220;off&#8220; fullwidth_field=&#8220;on&#8220; form_field_font_select=&#8220;default&#8220; form_field_font=&#8220;||||&#8220; use_border_color=&#8220;off&#8220; border_style=&#8220;solid&#8220;] [\/et_pb_contact_field] [\/et_pb_contact_form][et_pb_contact_form admin_label=&#8220;Kontakt DE&#8220; saved_tabs=&#8220;all&#8220; captcha=&#8220;on&#8220; email=&#8220;fralacombe@chello.at , coeurssansfrontieres-lequentrec@laposte.net&#8220; custom_message=&#8220;Message %%message%% Email: %%Email%% &#8220; use_redirect=&#8220;off&#8220; success_message=&#8220; Vielen Dank f\u00fcr Ihre Nachricht&#8220; input_border_radius=&#8220;0&#8243; use_border_color=&#8220;off&#8220; border_color=&#8220;#ffffff&#8220; border_style=&#8220;solid&#8220; custom_button=&#8220;off&#8220; button_letter_spacing=&#8220;0&#8243; button_use_icon=&#8220;default&#8220; button_icon_placement=&#8220;right&#8220; button_on_hover=&#8220;on&#8220; button_letter_spacing_hover=&#8220;0&#8243;] [et_pb_contact_field field_title=&#8220;Name&#8220; field_type=&#8220;input&#8220; field_id=&#8220;Name&#8220; required_mark=&#8220;on&#8220; fullwidth_field=&#8220;off&#8220; form_field_font_select=&#8220;default&#8220; form_field_font=&#8220;||||&#8220; use_border_color=&#8220;off&#8220; border_style=&#8220;solid&#8220;] [\/et_pb_contact_field][et_pb_contact_field field_title=&#8220; Ihre E-Mail-Adresse (erforderlich)&#8220; field_type=&#8220;email&#8220; field_id=&#8220;Email&#8220; required_mark=&#8220;on&#8220; fullwidth_field=&#8220;off&#8220; form_field_font_select=&#8220;default&#8220; form_field_font=&#8220;||||&#8220; use_border_color=&#8220;off&#8220; border_style=&#8220;solid&#8220;] [\/et_pb_contact_field][et_pb_contact_field field_id=&#8220;Object&#8220; field_title=&#8220;Betreff&#8220; field_type=&#8220;input&#8220; required_mark=&#8220;on&#8220; fullwidth_field=&#8220;on&#8220; form_field_font_select=&#8220;default&#8220; form_field_font=&#8220;||||&#8220; use_border_color=&#8220;off&#8220; border_style=&#8220;solid&#8220;] [\/et_pb_contact_field][et_pb_contact_field field_title=&#8220;Nachricht&#8220; field_type=&#8220;text&#8220; field_id=&#8220;Message&#8220; required_mark=&#8220;on&#8220; fullwidth_field=&#8220;on&#8220; form_field_font_select=&#8220;default&#8220; form_field_font=&#8220;||||&#8220; use_border_color=&#8220;off&#8220; border_style=&#8220;solid&#8220;] [\/et_pb_contact_field][et_pb_contact_field field_id=&#8220;Information&#8220; field_title=&#8220;F\u00fcge die beiden Ziffern unten rechts hinzu und notiere das Ergebnis in der Box nach dem Zeichen =&#8220; field_type=&#8220;input&#8220; required_mark=&#8220;off&#8220; fullwidth_field=&#8220;on&#8220; form_field_font_select=&#8220;default&#8220; form_field_font=&#8220;||||&#8220; use_border_color=&#8220;off&#8220; border_style=&#8220;solid&#8220;] [\/et_pb_contact_field] [\/et_pb_contact_form][\/et_pb_column][\/et_pb_row][\/et_pb_section]<\/p>\n","protected":false},"excerpt":{"rendered":"","protected":false},"author":249,"featured_media":0,"parent":4083,"menu_order":0,"comment_status":"closed","ping_status":"closed","template":"","meta":{"_et_pb_use_builder":"on","_et_pb_old_content":"","_et_gb_content_width":"","footnotes":""},"class_list":["post-1413","page","type-page","status-publish","hentry"],"yoast_head":"<!-- This site is optimized with the Yoast SEO plugin v27.5 - https:\/\/yoast.com\/product\/yoast-seo-wordpress\/ -->\n<title>LACOMBE-SCHUMACHER Franziska - CSF - HOG<\/title>\n<meta name=\"robots\" content=\"index, follow, max-snippet:-1, max-image-preview:large, max-video-preview:-1\" \/>\n<link rel=\"canonical\" href=\"https:\/\/www.coeurssansfrontieres.com\/de\/startseite201805\/startseite-neue\/lacombe-schumacher-franziska\/\" \/>\n<meta property=\"og:locale\" content=\"de_DE\" \/>\n<meta property=\"og:type\" content=\"article\" \/>\n<meta property=\"og:title\" content=\"LACOMBE-SCHUMACHER Franziska - CSF - HOG\" \/>\n<meta property=\"og:url\" content=\"https:\/\/www.coeurssansfrontieres.com\/de\/startseite201805\/startseite-neue\/lacombe-schumacher-franziska\/\" \/>\n<meta property=\"og:site_name\" content=\"CSF - HOG\" \/>\n<meta property=\"article:modified_time\" content=\"2017-08-09T10:25:19+00:00\" \/>\n<meta name=\"twitter:card\" content=\"summary_large_image\" \/>\n<meta name=\"twitter:label1\" content=\"Gesch\u00e4tzte Lesezeit\" \/>\n\t<meta name=\"twitter:data1\" content=\"3\u00a0Minuten\" \/>\n<script type=\"application\/ld+json\" class=\"yoast-schema-graph\">{\"@context\":\"https:\\\/\\\/schema.org\",\"@graph\":[{\"@type\":\"WebPage\",\"@id\":\"https:\\\/\\\/www.coeurssansfrontieres.com\\\/de\\\/startseite201805\\\/startseite-neue\\\/lacombe-schumacher-franziska\\\/\",\"url\":\"https:\\\/\\\/www.coeurssansfrontieres.com\\\/de\\\/startseite201805\\\/startseite-neue\\\/lacombe-schumacher-franziska\\\/\",\"name\":\"LACOMBE-SCHUMACHER Franziska - CSF - HOG\",\"isPartOf\":{\"@id\":\"https:\\\/\\\/www.coeurssansfrontieres.com\\\/fr\\\/#website\"},\"datePublished\":\"2016-07-04T21:45:16+00:00\",\"dateModified\":\"2017-08-09T10:25:19+00:00\",\"breadcrumb\":{\"@id\":\"https:\\\/\\\/www.coeurssansfrontieres.com\\\/de\\\/startseite201805\\\/startseite-neue\\\/lacombe-schumacher-franziska\\\/#breadcrumb\"},\"inLanguage\":\"de\",\"potentialAction\":[{\"@type\":\"ReadAction\",\"target\":[\"https:\\\/\\\/www.coeurssansfrontieres.com\\\/de\\\/startseite201805\\\/startseite-neue\\\/lacombe-schumacher-franziska\\\/\"]}]},{\"@type\":\"BreadcrumbList\",\"@id\":\"https:\\\/\\\/www.coeurssansfrontieres.com\\\/de\\\/startseite201805\\\/startseite-neue\\\/lacombe-schumacher-franziska\\\/#breadcrumb\",\"itemListElement\":[{\"@type\":\"ListItem\",\"position\":1,\"name\":\"Accueil\",\"item\":\"https:\\\/\\\/www.coeurssansfrontieres.com\\\/de\\\/\"},{\"@type\":\"ListItem\",\"position\":2,\"name\":\"Startseite201805\",\"item\":\"https:\\\/\\\/www.coeurssansfrontieres.com\\\/de\\\/startseite201805\\\/\"},{\"@type\":\"ListItem\",\"position\":3,\"name\":\"Startseite neue\",\"item\":\"https:\\\/\\\/www.coeurssansfrontieres.com\\\/de\\\/startseite201805\\\/startseite-neue\\\/\"},{\"@type\":\"ListItem\",\"position\":4,\"name\":\"LACOMBE-SCHUMACHER Franziska\"}]},{\"@type\":\"WebSite\",\"@id\":\"https:\\\/\\\/www.coeurssansfrontieres.com\\\/fr\\\/#website\",\"url\":\"https:\\\/\\\/www.coeurssansfrontieres.com\\\/fr\\\/\",\"name\":\"C\u0153urs sans fronti\u00e8res\",\"description\":\"Association franco-allemande des Enfants de la Seconde Guerre Mondiale\",\"potentialAction\":[{\"@type\":\"SearchAction\",\"target\":{\"@type\":\"EntryPoint\",\"urlTemplate\":\"https:\\\/\\\/www.coeurssansfrontieres.com\\\/fr\\\/?s={search_term_string}\"},\"query-input\":{\"@type\":\"PropertyValueSpecification\",\"valueRequired\":true,\"valueName\":\"search_term_string\"}}],\"inLanguage\":\"de\"}]}<\/script>\n<!-- \/ Yoast SEO plugin. -->","yoast_head_json":{"title":"LACOMBE-SCHUMACHER Franziska - CSF - HOG","robots":{"index":"index","follow":"follow","max-snippet":"max-snippet:-1","max-image-preview":"max-image-preview:large","max-video-preview":"max-video-preview:-1"},"canonical":"https:\/\/www.coeurssansfrontieres.com\/de\/startseite201805\/startseite-neue\/lacombe-schumacher-franziska\/","og_locale":"de_DE","og_type":"article","og_title":"LACOMBE-SCHUMACHER Franziska - CSF - HOG","og_url":"https:\/\/www.coeurssansfrontieres.com\/de\/startseite201805\/startseite-neue\/lacombe-schumacher-franziska\/","og_site_name":"CSF - HOG","article_modified_time":"2017-08-09T10:25:19+00:00","twitter_card":"summary_large_image","twitter_misc":{"Gesch\u00e4tzte Lesezeit":"3\u00a0Minuten"},"schema":{"@context":"https:\/\/schema.org","@graph":[{"@type":"WebPage","@id":"https:\/\/www.coeurssansfrontieres.com\/de\/startseite201805\/startseite-neue\/lacombe-schumacher-franziska\/","url":"https:\/\/www.coeurssansfrontieres.com\/de\/startseite201805\/startseite-neue\/lacombe-schumacher-franziska\/","name":"LACOMBE-SCHUMACHER Franziska - CSF - HOG","isPartOf":{"@id":"https:\/\/www.coeurssansfrontieres.com\/fr\/#website"},"datePublished":"2016-07-04T21:45:16+00:00","dateModified":"2017-08-09T10:25:19+00:00","breadcrumb":{"@id":"https:\/\/www.coeurssansfrontieres.com\/de\/startseite201805\/startseite-neue\/lacombe-schumacher-franziska\/#breadcrumb"},"inLanguage":"de","potentialAction":[{"@type":"ReadAction","target":["https:\/\/www.coeurssansfrontieres.com\/de\/startseite201805\/startseite-neue\/lacombe-schumacher-franziska\/"]}]},{"@type":"BreadcrumbList","@id":"https:\/\/www.coeurssansfrontieres.com\/de\/startseite201805\/startseite-neue\/lacombe-schumacher-franziska\/#breadcrumb","itemListElement":[{"@type":"ListItem","position":1,"name":"Accueil","item":"https:\/\/www.coeurssansfrontieres.com\/de\/"},{"@type":"ListItem","position":2,"name":"Startseite201805","item":"https:\/\/www.coeurssansfrontieres.com\/de\/startseite201805\/"},{"@type":"ListItem","position":3,"name":"Startseite neue","item":"https:\/\/www.coeurssansfrontieres.com\/de\/startseite201805\/startseite-neue\/"},{"@type":"ListItem","position":4,"name":"LACOMBE-SCHUMACHER Franziska"}]},{"@type":"WebSite","@id":"https:\/\/www.coeurssansfrontieres.com\/fr\/#website","url":"https:\/\/www.coeurssansfrontieres.com\/fr\/","name":"C\u0153urs sans fronti\u00e8res","description":"Association franco-allemande des Enfants de la Seconde Guerre Mondiale","potentialAction":[{"@type":"SearchAction","target":{"@type":"EntryPoint","urlTemplate":"https:\/\/www.coeurssansfrontieres.com\/fr\/?s={search_term_string}"},"query-input":{"@type":"PropertyValueSpecification","valueRequired":true,"valueName":"search_term_string"}}],"inLanguage":"de"}]}},"_links":{"self":[{"href":"https:\/\/www.coeurssansfrontieres.com\/de\/wp-json\/wp\/v2\/pages\/1413","targetHints":{"allow":["GET"]}}],"collection":[{"href":"https:\/\/www.coeurssansfrontieres.com\/de\/wp-json\/wp\/v2\/pages"}],"about":[{"href":"https:\/\/www.coeurssansfrontieres.com\/de\/wp-json\/wp\/v2\/types\/page"}],"author":[{"embeddable":true,"href":"https:\/\/www.coeurssansfrontieres.com\/de\/wp-json\/wp\/v2\/users\/249"}],"replies":[{"embeddable":true,"href":"https:\/\/www.coeurssansfrontieres.com\/de\/wp-json\/wp\/v2\/comments?post=1413"}],"version-history":[{"count":0,"href":"https:\/\/www.coeurssansfrontieres.com\/de\/wp-json\/wp\/v2\/pages\/1413\/revisions"}],"up":[{"embeddable":true,"href":"https:\/\/www.coeurssansfrontieres.com\/de\/wp-json\/wp\/v2\/pages\/4083"}],"wp:attachment":[{"href":"https:\/\/www.coeurssansfrontieres.com\/de\/wp-json\/wp\/v2\/media?parent=1413"}],"curies":[{"name":"wp","href":"https:\/\/api.w.org\/{rel}","templated":true}]}}

<p>[et_pb_section admin_label=&#8220;section&#8220;][et_pb_row admin_label=&#8220;row&#8220;][et_pb_column type=&#8220;4_4&#8243;][et_pb_team_member admin_label=&#8220;Personne&#8220; name=&#8220;LACOMBE-SCHUMACHER Franziska&#8220; position=&#8220;Correspondante pour l&#8217;Autriche / Korrespondentin für Österreich Zum Beitritt in Österreich&#8220; animation=&#8220;off&#8220; background_layout=&#8220;light&#8220; use_border_color=&#8220;off&#8220; border_color=&#8220;#ffffff&#8220; border_style=&#8220;solid&#8220; header_font_size=&#8220;28&#8243;] [/et_pb_team_member][et_pb_contact_form admin_label=&#8220;Formulaire de contact&#8220; captcha=&#8220;on&#8220; email=&#8220;fralacombe@chello.at , coeurssansfrontieres-lequentrec@laposte.net&#8220; use_redirect=&#8220;off&#8220; success_message=&#8220;Merci pour votre message.&#8220; input_border_radius=&#8220;0&#8243; use_border_color=&#8220;off&#8220; border_color=&#8220;#ffffff&#8220; border_style=&#8220;solid&#8220; custom_button=&#8220;off&#8220; button_letter_spacing=&#8220;0&#8243; button_use_icon=&#8220;default&#8220; button_icon_placement=&#8220;right&#8220; button_on_hover=&#8220;on&#8220; button_letter_spacing_hover=&#8220;0&#8243; custom_message=&#8220;Message</p>
<p>%%message%%</p>
<p>Email:</p>
<p>%%Email%%</p>
<p>&#8220; saved_tabs=&#8220;all&#8220;] [et_pb_contact_field field_title=&#8220;Nom&#8220; field_type=&#8220;input&#8220; field_id=&#8220;Name&#8220; required_mark=&#8220;on&#8220; fullwidth_field=&#8220;off&#8220;] [/et_pb_contact_field][et_pb_contact_field field_title=&#8220;Votre adresse e-mail (champ obligatoire)&#8220; field_type=&#8220;email&#8220; field_id=&#8220;Email&#8220; required_mark=&#8220;on&#8220; fullwidth_field=&#8220;off&#8220; form_field_font_select=&#8220;default&#8220; form_field_font=&#8220;||||&#8220; use_border_color=&#8220;off&#8220; border_style=&#8220;solid&#8220;] [/et_pb_contact_field][et_pb_contact_field field_id=&#8220;Object&#8220; field_title=&#8220;Objet&#8220; field_type=&#8220;input&#8220; required_mark=&#8220;on&#8220; fullwidth_field=&#8220;on&#8220; form_field_font_select=&#8220;default&#8220; form_field_font=&#8220;||||&#8220; use_border_color=&#8220;off&#8220; border_style=&#8220;solid&#8220;] [/et_pb_contact_field][et_pb_contact_field field_title=&#8220;Message&#8220; field_type=&#8220;text&#8220; field_id=&#8220;Message&#8220; required_mark=&#8220;on&#8220;] [/et_pb_contact_field][et_pb_contact_field field_id=&#8220;Information&#8220; field_title=&#8220;Additionnez les deux chiffres ci-dessous à droite et notez le résultat dans la case après le signe =&#8220; field_type=&#8220;input&#8220; required_mark=&#8220;off&#8220; fullwidth_field=&#8220;on&#8220; form_field_font_select=&#8220;default&#8220; form_field_font=&#8220;||||&#8220; use_border_color=&#8220;off&#8220; border_style=&#8220;solid&#8220;] [/et_pb_contact_field] [/et_pb_contact_form][et_pb_contact_form admin_label=&#8220;Kontakt DE&#8220; saved_tabs=&#8220;all&#8220; captcha=&#8220;on&#8220; email=&#8220;fralacombe@chello.at , coeurssansfrontieres-lequentrec@laposte.net&#8220; custom_message=&#8220;Message %%message%% Email: %%Email%% &#8220; use_redirect=&#8220;off&#8220; success_message=&#8220; Vielen Dank für Ihre Nachricht&#8220; input_border_radius=&#8220;0&#8243; use_border_color=&#8220;off&#8220; border_color=&#8220;#ffffff&#8220; border_style=&#8220;solid&#8220; custom_button=&#8220;off&#8220; button_letter_spacing=&#8220;0&#8243; button_use_icon=&#8220;default&#8220; button_icon_placement=&#8220;right&#8220; button_on_hover=&#8220;on&#8220; button_letter_spacing_hover=&#8220;0&#8243;] [et_pb_contact_field field_title=&#8220;Name&#8220; field_type=&#8220;input&#8220; field_id=&#8220;Name&#8220; required_mark=&#8220;on&#8220; fullwidth_field=&#8220;off&#8220; form_field_font_select=&#8220;default&#8220; form_field_font=&#8220;||||&#8220; use_border_color=&#8220;off&#8220; border_style=&#8220;solid&#8220;] [/et_pb_contact_field][et_pb_contact_field field_title=&#8220; Ihre E-Mail-Adresse (erforderlich)&#8220; field_type=&#8220;email&#8220; field_id=&#8220;Email&#8220; required_mark=&#8220;on&#8220; fullwidth_field=&#8220;off&#8220; form_field_font_select=&#8220;default&#8220; form_field_font=&#8220;||||&#8220; use_border_color=&#8220;off&#8220; border_style=&#8220;solid&#8220;] [/et_pb_contact_field][et_pb_contact_field field_id=&#8220;Object&#8220; field_title=&#8220;Betreff&#8220; field_type=&#8220;input&#8220; required_mark=&#8220;on&#8220; fullwidth_field=&#8220;on&#8220; form_field_font_select=&#8220;default&#8220; form_field_font=&#8220;||||&#8220; use_border_color=&#8220;off&#8220; border_style=&#8220;solid&#8220;] [/et_pb_contact_field][et_pb_contact_field field_title=&#8220;Nachricht&#8220; field_type=&#8220;text&#8220; field_id=&#8220;Message&#8220; required_mark=&#8220;on&#8220; fullwidth_field=&#8220;on&#8220; form_field_font_select=&#8220;default&#8220; form_field_font=&#8220;||||&#8220; use_border_color=&#8220;off&#8220; border_style=&#8220;solid&#8220;] [/et_pb_contact_field][et_pb_contact_field field_id=&#8220;Information&#8220; field_title=&#8220;Füge die beiden Ziffern unten rechts hinzu und notiere das Ergebnis in der Box nach dem Zeichen =&#8220; field_type=&#8220;input&#8220; required_mark=&#8220;off&#8220; fullwidth_field=&#8220;on&#8220; form_field_font_select=&#8220;default&#8220; form_field_font=&#8220;||||&#8220; use_border_color=&#8220;off&#8220; border_style=&#8220;solid&#8220;] [/et_pb_contact_field] [/et_pb_contact_form][/et_pb_column][/et_pb_row][/et_pb_section]</p>

<!-- This site is optimized with the Yoast SEO plugin v27.5 - https://yoast.com/product/yoast-seo-wordpress/ -->
<title>LACOMBE-SCHUMACHER Franziska - CSF - HOG</title>
<meta name="robots" content="index, follow, max-snippet:-1, max-image-preview:large, max-video-preview:-1" />
<link rel="canonical" href="https://www.coeurssansfrontieres.com/de/startseite201805/startseite-neue/lacombe-schumacher-franziska/" />
<meta property="og:locale" content="de_DE" />
<meta property="og:type" content="article" />
<meta property="og:title" content="LACOMBE-SCHUMACHER Franziska - CSF - HOG" />
<meta property="og:url" content="https://www.coeurssansfrontieres.com/de/startseite201805/startseite-neue/lacombe-schumacher-franziska/" />
<meta property="og:site_name" content="CSF - HOG" />
<meta property="article:modified_time" content="2017-08-09T10:25:19+00:00" />
<meta name="twitter:card" content="summary_large_image" />
<meta name="twitter:label1" content="Geschätzte Lesezeit" />
	<meta name="twitter:data1" content="3 Minuten" />
<script type="application/ld+json" class="yoast-schema-graph">{"@context":"https:\/\/schema.org","@graph":[{"@type":"WebPage","@id":"https:\/\/www.coeurssansfrontieres.com\/de\/startseite201805\/startseite-neue\/lacombe-schumacher-franziska\/","url":"https:\/\/www.coeurssansfrontieres.com\/de\/startseite201805\/startseite-neue\/lacombe-schumacher-franziska\/","name":"LACOMBE-SCHUMACHER Franziska - CSF - HOG","isPartOf":{"@id":"https:\/\/www.coeurssansfrontieres.com\/fr\/#website"},"datePublished":"2016-07-04T21:45:16+00:00","dateModified":"2017-08-09T10:25:19+00:00","breadcrumb":{"@id":"https:\/\/www.coeurssansfrontieres.com\/de\/startseite201805\/startseite-neue\/lacombe-schumacher-franziska\/#breadcrumb"},"inLanguage":"de","potentialAction":[{"@type":"ReadAction","target":["https:\/\/www.coeurssansfrontieres.com\/de\/startseite201805\/startseite-neue\/lacombe-schumacher-franziska\/"]}]},{"@type":"BreadcrumbList","@id":"https:\/\/www.coeurssansfrontieres.com\/de\/startseite201805\/startseite-neue\/lacombe-schumacher-franziska\/#breadcrumb","itemListElement":[{"@type":"ListItem","position":1,"name":"Accueil","item":"https:\/\/www.coeurssansfrontieres.com\/de\/"},{"@type":"ListItem","position":2,"name":"Startseite201805","item":"https:\/\/www.coeurssansfrontieres.com\/de\/startseite201805\/"},{"@type":"ListItem","position":3,"name":"Startseite neue","item":"https:\/\/www.coeurssansfrontieres.com\/de\/startseite201805\/startseite-neue\/"},{"@type":"ListItem","position":4,"name":"LACOMBE-SCHUMACHER Franziska"}]},{"@type":"WebSite","@id":"https:\/\/www.coeurssansfrontieres.com\/fr\/#website","url":"https:\/\/www.coeurssansfrontieres.com\/fr\/","name":"Cœurs sans frontières","description":"Association franco-allemande des Enfants de la Seconde Guerre Mondiale","potentialAction":[{"@type":"SearchAction","target":{"@type":"EntryPoint","urlTemplate":"https:\/\/www.coeurssansfrontieres.com\/fr\/?s={search_term_string}"},"query-input":{"@type":"PropertyValueSpecification","valueRequired":true,"valueName":"search_term_string"}}],"inLanguage":"de"}]}</script>
<!-- / Yoast SEO plugin. -->

Cœurs sans frontières
