{"id":18563,"date":"2021-04-17T16:33:10","date_gmt":"2021-04-17T14:33:10","guid":{"rendered":"https:\/\/www.coeurssansfrontieres.com\/pourquoi-coeurs-sans-frontieres\/"},"modified":"2021-04-18T17:23:11","modified_gmt":"2021-04-18T15:23:11","slug":"pourquoi-coeurs-sans-frontieres","status":"publish","type":"page","link":"https:\/\/www.coeurssansfrontieres.com\/de\/pourquoi-coeurs-sans-frontieres\/","title":{"rendered":"Pourquoi C\u0153urs sans Fronti\u00e8res ?"},"content":{"rendered":"<p>[et_pb_section fb_built=&#8220;1&#8243; _builder_version=&#8220;4.9.3&#8243; _module_preset=&#8220;default&#8220; background_color=&#8220;#be86c3&#8243; width=&#8220;100%&#8220; max_width=&#8220;100%&#8220; min_height=&#8220;827.5px&#8220; custom_margin=&#8220;-120px||-54px||false|false&#8220; custom_padding=&#8220;||50px|||&#8220; locked=&#8220;off&#8220;][et_pb_row _builder_version=&#8220;4.9.3&#8243; _module_preset=&#8220;default&#8220; background_color=&#8220;#efe2ef&#8220; width=&#8220;auto&#8220; custom_padding=&#8220;|0px||2vw|false|false&#8220; border_radii=&#8220;on|25px|25px|25px|25px&#8220; border_width_all=&#8220;2px&#8220; border_color_all=&#8220;#A55BA6&#8243;][et_pb_column type=&#8220;4_4&#8243; _builder_version=&#8220;4.9.3&#8243; _module_preset=&#8220;default&#8220; custom_padding=&#8220;|0px||0px|false|false&#8220;][et_pb_text _builder_version=&#8220;4.9.3&#8243; _module_preset=&#8220;default&#8220; text_font=&#8220;|600|||||||&#8220; text_text_color=&#8220;#A55BA6&#8243; text_font_size=&#8220;19px&#8220; text_line_height=&#8220;1.8em&#8220; header_font=&#8220;|700|||||||&#8220; header_font_size=&#8220;20px&#8220; header_line_height=&#8220;1.2em&#8220; header_3_font=&#8220;|700|||||||&#8220; header_3_text_align=&#8220;center&#8220; header_3_font_size=&#8220;26px&#8220; header_4_font=&#8220;|600|||||||&#8220; header_4_font_size=&#8220;20px&#8220; header_4_line_height=&#8220;1.5em&#8220; min_height=&#8220;564px&#8220; custom_margin=&#8220;||||false|false&#8220; custom_padding=&#8220;10px|32px|0px||false|false&#8220; hover_enabled=&#8220;0&#8243; custom_css_main_element=&#8220;background-image: url(%22https:\/\/www.coeurssansfrontieres.com\/wp-content\/uploads\/2017\/10\/CSF-HOG-logo.png%22),url(%22https:\/\/www.coeurssansfrontieres.com\/wp-content\/uploads\/2017\/10\/CSF-HOG-logo.png%22);||background-size: 25%, 25%;||background-position: -1% 0%, 98% 0%;\t||background-repeat: no-repeat,no-repeat;||&#8220; header_3_text_shadow_style=&#8220;preset5&#8243; header_3_text_shadow_color=&#8220;#A55BA6&#8243; header_4_text_shadow_style=&#8220;preset5&#8243; header_4_text_shadow_color=&#8220;#A55BA6&#8243; sticky_enabled=&#8220;0&#8243;]<\/p>\n<h3>Warum<\/h3>\n<h3>Herzen ohne Grenzen?<\/h3>\n<p>&nbsp;<\/p>\n<p>Ende des Jahres 2005 trafen sich einige Kriegskinder, verbunden durch ihren langen Leidensweg, um sich zusammen zu schlie\u00dfen.<\/p>\n<h4><strong>Ziel ist es, denen die Hand zu reichen, die von einem Elternteil wegen des 2. Weltkrieges getrennt wurden.<\/strong><\/h4>\n<p>Es geht um Kinder, deren V\u00e4ter Besatzungssoldaten der Wehrmacht in Frankreich, oder aber Kinder franz\u00f6sischer Kriegsgefangener und Zwangsarbeiter (STO) in Deutschland und \u00d6sterreich, sowie jene von franz\u00f6sischen Besatzungssoldaten in Deutschland und \u00d6sterreich waren. Sie schlossen sich zusammen, in der Hoffnung, gemeinsam, die Leiden und die Misshandlungen, die ihnen durch das Unverst\u00e4ndnis ihres Umfeldes zugef\u00fcgt wurden, zu \u00fcberwinden.<br \/>CSF\/HOG unterst\u00fctzte in den letzten Jahren die Hilfe zur Selbsthilfe um den gro\u00dfen, auftretenden Schwierigkeiten entgegenzutreten, wie z.B. das beharrliche Schweigen derer, die Bescheid wissen, das Sterben der Zeitzeugen, die Sprachprobleme und nicht zuletzt die ungekl\u00e4rte Rechtslage um Zugang zu den Archiven zu erhalten.<\/p>\n<h4><strong>Die Solidarit\u00e4t, die Zusammenarbeit, das offene Ohr und die Beratung haben es vielen Kriegskindern, bei ihrer Identit\u00e4tssuche erm\u00f6glicht, voranzukommen und f\u00fchrten bei zahlreichen zu einem gl\u00fccklichen Abschluss.<\/strong><\/h4>\n<p>[\/et_pb_text][\/et_pb_column][\/et_pb_row][\/et_pb_section]<\/p>\n","protected":false},"excerpt":{"rendered":"<p>Warum Herzen ohne Grenzen? &nbsp; Ende des Jahres 2005 trafen sich einige Kriegskinder, verbunden durch ihren langen Leidensweg, um sich zusammen zu schlie\u00dfen. Ziel ist es, denen die Hand zu reichen, die von einem Elternteil wegen des 2. Weltkrieges getrennt wurden. Es geht um Kinder, deren V\u00e4ter Besatzungssoldaten der Wehrmacht in Frankreich, oder aber Kinder [&hellip;]<\/p>\n","protected":false},"author":249,"featured_media":0,"parent":0,"menu_order":0,"comment_status":"closed","ping_status":"closed","template":"","meta":{"_et_pb_use_builder":"on","_et_pb_old_content":"","_et_gb_content_width":"","footnotes":""},"class_list":["post-18563","page","type-page","status-publish","hentry"],"yoast_head":"<!-- This site is optimized with the Yoast SEO plugin v27.5 - https:\/\/yoast.com\/product\/yoast-seo-wordpress\/ -->\n<title>Pourquoi C\u0153urs sans Fronti\u00e8res ? - CSF - HOG<\/title>\n<meta name=\"robots\" content=\"index, follow, max-snippet:-1, max-image-preview:large, max-video-preview:-1\" \/>\n<link rel=\"canonical\" href=\"https:\/\/www.coeurssansfrontieres.com\/de\/pourquoi-coeurs-sans-frontieres\/\" \/>\n<meta property=\"og:locale\" content=\"de_DE\" \/>\n<meta property=\"og:type\" content=\"article\" \/>\n<meta property=\"og:title\" content=\"Pourquoi C\u0153urs sans Fronti\u00e8res ? - CSF - HOG\" \/>\n<meta property=\"og:description\" content=\"Warum Herzen ohne Grenzen? &nbsp; Ende des Jahres 2005 trafen sich einige Kriegskinder, verbunden durch ihren langen Leidensweg, um sich zusammen zu schlie\u00dfen. Ziel ist es, denen die Hand zu reichen, die von einem Elternteil wegen des 2. Weltkrieges getrennt wurden. Es geht um Kinder, deren V\u00e4ter Besatzungssoldaten der Wehrmacht in Frankreich, oder aber Kinder [&hellip;]\" \/>\n<meta property=\"og:url\" content=\"https:\/\/www.coeurssansfrontieres.com\/de\/pourquoi-coeurs-sans-frontieres\/\" \/>\n<meta property=\"og:site_name\" content=\"CSF - HOG\" \/>\n<meta property=\"article:modified_time\" content=\"2021-04-18T15:23:11+00:00\" \/>\n<meta name=\"twitter:card\" content=\"summary_large_image\" \/>\n<meta name=\"twitter:label1\" content=\"Gesch\u00e4tzte Lesezeit\" \/>\n\t<meta name=\"twitter:data1\" content=\"1\u00a0Minute\" \/>\n<script type=\"application\/ld+json\" class=\"yoast-schema-graph\">{\"@context\":\"https:\\\/\\\/schema.org\",\"@graph\":[{\"@type\":\"WebPage\",\"@id\":\"https:\\\/\\\/www.coeurssansfrontieres.com\\\/de\\\/pourquoi-coeurs-sans-frontieres\\\/\",\"url\":\"https:\\\/\\\/www.coeurssansfrontieres.com\\\/de\\\/pourquoi-coeurs-sans-frontieres\\\/\",\"name\":\"Pourquoi C\u0153urs sans Fronti\u00e8res ? - CSF - HOG\",\"isPartOf\":{\"@id\":\"https:\\\/\\\/www.coeurssansfrontieres.com\\\/fr\\\/#website\"},\"datePublished\":\"2021-04-17T14:33:10+00:00\",\"dateModified\":\"2021-04-18T15:23:11+00:00\",\"breadcrumb\":{\"@id\":\"https:\\\/\\\/www.coeurssansfrontieres.com\\\/de\\\/pourquoi-coeurs-sans-frontieres\\\/#breadcrumb\"},\"inLanguage\":\"de\",\"potentialAction\":[{\"@type\":\"ReadAction\",\"target\":[\"https:\\\/\\\/www.coeurssansfrontieres.com\\\/de\\\/pourquoi-coeurs-sans-frontieres\\\/\"]}]},{\"@type\":\"BreadcrumbList\",\"@id\":\"https:\\\/\\\/www.coeurssansfrontieres.com\\\/de\\\/pourquoi-coeurs-sans-frontieres\\\/#breadcrumb\",\"itemListElement\":[{\"@type\":\"ListItem\",\"position\":1,\"name\":\"Accueil\",\"item\":\"https:\\\/\\\/www.coeurssansfrontieres.com\\\/de\\\/\"},{\"@type\":\"ListItem\",\"position\":2,\"name\":\"Pourquoi C\u0153urs sans Fronti\u00e8res ?\"}]},{\"@type\":\"WebSite\",\"@id\":\"https:\\\/\\\/www.coeurssansfrontieres.com\\\/fr\\\/#website\",\"url\":\"https:\\\/\\\/www.coeurssansfrontieres.com\\\/fr\\\/\",\"name\":\"C\u0153urs sans fronti\u00e8res\",\"description\":\"Association franco-allemande des Enfants de la Seconde Guerre Mondiale\",\"potentialAction\":[{\"@type\":\"SearchAction\",\"target\":{\"@type\":\"EntryPoint\",\"urlTemplate\":\"https:\\\/\\\/www.coeurssansfrontieres.com\\\/fr\\\/?s={search_term_string}\"},\"query-input\":{\"@type\":\"PropertyValueSpecification\",\"valueRequired\":true,\"valueName\":\"search_term_string\"}}],\"inLanguage\":\"de\"}]}<\/script>\n<!-- \/ Yoast SEO plugin. -->","yoast_head_json":{"title":"Pourquoi C\u0153urs sans Fronti\u00e8res ? - CSF - HOG","robots":{"index":"index","follow":"follow","max-snippet":"max-snippet:-1","max-image-preview":"max-image-preview:large","max-video-preview":"max-video-preview:-1"},"canonical":"https:\/\/www.coeurssansfrontieres.com\/de\/pourquoi-coeurs-sans-frontieres\/","og_locale":"de_DE","og_type":"article","og_title":"Pourquoi C\u0153urs sans Fronti\u00e8res ? - CSF - HOG","og_description":"Warum Herzen ohne Grenzen? &nbsp; Ende des Jahres 2005 trafen sich einige Kriegskinder, verbunden durch ihren langen Leidensweg, um sich zusammen zu schlie\u00dfen. Ziel ist es, denen die Hand zu reichen, die von einem Elternteil wegen des 2. Weltkrieges getrennt wurden. Es geht um Kinder, deren V\u00e4ter Besatzungssoldaten der Wehrmacht in Frankreich, oder aber Kinder [&hellip;]","og_url":"https:\/\/www.coeurssansfrontieres.com\/de\/pourquoi-coeurs-sans-frontieres\/","og_site_name":"CSF - HOG","article_modified_time":"2021-04-18T15:23:11+00:00","twitter_card":"summary_large_image","twitter_misc":{"Gesch\u00e4tzte Lesezeit":"1\u00a0Minute"},"schema":{"@context":"https:\/\/schema.org","@graph":[{"@type":"WebPage","@id":"https:\/\/www.coeurssansfrontieres.com\/de\/pourquoi-coeurs-sans-frontieres\/","url":"https:\/\/www.coeurssansfrontieres.com\/de\/pourquoi-coeurs-sans-frontieres\/","name":"Pourquoi C\u0153urs sans Fronti\u00e8res ? - CSF - HOG","isPartOf":{"@id":"https:\/\/www.coeurssansfrontieres.com\/fr\/#website"},"datePublished":"2021-04-17T14:33:10+00:00","dateModified":"2021-04-18T15:23:11+00:00","breadcrumb":{"@id":"https:\/\/www.coeurssansfrontieres.com\/de\/pourquoi-coeurs-sans-frontieres\/#breadcrumb"},"inLanguage":"de","potentialAction":[{"@type":"ReadAction","target":["https:\/\/www.coeurssansfrontieres.com\/de\/pourquoi-coeurs-sans-frontieres\/"]}]},{"@type":"BreadcrumbList","@id":"https:\/\/www.coeurssansfrontieres.com\/de\/pourquoi-coeurs-sans-frontieres\/#breadcrumb","itemListElement":[{"@type":"ListItem","position":1,"name":"Accueil","item":"https:\/\/www.coeurssansfrontieres.com\/de\/"},{"@type":"ListItem","position":2,"name":"Pourquoi C\u0153urs sans Fronti\u00e8res ?"}]},{"@type":"WebSite","@id":"https:\/\/www.coeurssansfrontieres.com\/fr\/#website","url":"https:\/\/www.coeurssansfrontieres.com\/fr\/","name":"C\u0153urs sans fronti\u00e8res","description":"Association franco-allemande des Enfants de la Seconde Guerre Mondiale","potentialAction":[{"@type":"SearchAction","target":{"@type":"EntryPoint","urlTemplate":"https:\/\/www.coeurssansfrontieres.com\/fr\/?s={search_term_string}"},"query-input":{"@type":"PropertyValueSpecification","valueRequired":true,"valueName":"search_term_string"}}],"inLanguage":"de"}]}},"_links":{"self":[{"href":"https:\/\/www.coeurssansfrontieres.com\/de\/wp-json\/wp\/v2\/pages\/18563","targetHints":{"allow":["GET"]}}],"collection":[{"href":"https:\/\/www.coeurssansfrontieres.com\/de\/wp-json\/wp\/v2\/pages"}],"about":[{"href":"https:\/\/www.coeurssansfrontieres.com\/de\/wp-json\/wp\/v2\/types\/page"}],"author":[{"embeddable":true,"href":"https:\/\/www.coeurssansfrontieres.com\/de\/wp-json\/wp\/v2\/users\/249"}],"replies":[{"embeddable":true,"href":"https:\/\/www.coeurssansfrontieres.com\/de\/wp-json\/wp\/v2\/comments?post=18563"}],"version-history":[{"count":0,"href":"https:\/\/www.coeurssansfrontieres.com\/de\/wp-json\/wp\/v2\/pages\/18563\/revisions"}],"wp:attachment":[{"href":"https:\/\/www.coeurssansfrontieres.com\/de\/wp-json\/wp\/v2\/media?parent=18563"}],"curies":[{"name":"wp","href":"https:\/\/api.w.org\/{rel}","templated":true}]}}

Pourquoi Cœurs sans Frontières ?

<p>[et_pb_section fb_built=&#8220;1&#8243; _builder_version=&#8220;4.9.3&#8243; _module_preset=&#8220;default&#8220; background_color=&#8220;#be86c3&#8243; width=&#8220;100%&#8220; max_width=&#8220;100%&#8220; min_height=&#8220;827.5px&#8220; custom_margin=&#8220;-120px||-54px||false|false&#8220; custom_padding=&#8220;||50px|||&#8220; locked=&#8220;off&#8220;][et_pb_row _builder_version=&#8220;4.9.3&#8243; _module_preset=&#8220;default&#8220; background_color=&#8220;#efe2ef&#8220; width=&#8220;auto&#8220; custom_padding=&#8220;|0px||2vw|false|false&#8220; border_radii=&#8220;on|25px|25px|25px|25px&#8220; border_width_all=&#8220;2px&#8220; border_color_all=&#8220;#A55BA6&#8243;][et_pb_column type=&#8220;4_4&#8243; _builder_version=&#8220;4.9.3&#8243; _module_preset=&#8220;default&#8220; custom_padding=&#8220;|0px||0px|false|false&#8220;][et_pb_text _builder_version=&#8220;4.9.3&#8243; _module_preset=&#8220;default&#8220; text_font=&#8220;|600|||||||&#8220; text_text_color=&#8220;#A55BA6&#8243; text_font_size=&#8220;19px&#8220; text_line_height=&#8220;1.8em&#8220; header_font=&#8220;|700|||||||&#8220; header_font_size=&#8220;20px&#8220; header_line_height=&#8220;1.2em&#8220; header_3_font=&#8220;|700|||||||&#8220; header_3_text_align=&#8220;center&#8220; header_3_font_size=&#8220;26px&#8220; header_4_font=&#8220;|600|||||||&#8220; header_4_font_size=&#8220;20px&#8220; header_4_line_height=&#8220;1.5em&#8220; min_height=&#8220;564px&#8220; custom_margin=&#8220;||||false|false&#8220; custom_padding=&#8220;10px|32px|0px||false|false&#8220; hover_enabled=&#8220;0&#8243; custom_css_main_element=&#8220;background-image: url(%22https://www.coeurssansfrontieres.com/wp-content/uploads/2017/10/CSF-HOG-logo.png%22),url(%22https://www.coeurssansfrontieres.com/wp-content/uploads/2017/10/CSF-HOG-logo.png%22);||background-size: 25%, 25%;||background-position: -1% 0%, 98% 0%;	||background-repeat: no-repeat,no-repeat;||&#8220; header_3_text_shadow_style=&#8220;preset5&#8243; header_3_text_shadow_color=&#8220;#A55BA6&#8243; header_4_text_shadow_style=&#8220;preset5&#8243; header_4_text_shadow_color=&#8220;#A55BA6&#8243; sticky_enabled=&#8220;0&#8243;]</p>
<h3>Warum</h3>
<h3>Herzen ohne Grenzen?</h3>
<p>&nbsp;</p>
<p>Ende des Jahres 2005 trafen sich einige Kriegskinder, verbunden durch ihren langen Leidensweg, um sich zusammen zu schließen.</p>
<h4><strong>Ziel ist es, denen die Hand zu reichen, die von einem Elternteil wegen des 2. Weltkrieges getrennt wurden.</strong></h4>
<p>Es geht um Kinder, deren Väter Besatzungssoldaten der Wehrmacht in Frankreich, oder aber Kinder französischer Kriegsgefangener und Zwangsarbeiter (STO) in Deutschland und Österreich, sowie jene von französischen Besatzungssoldaten in Deutschland und Österreich waren. Sie schlossen sich zusammen, in der Hoffnung, gemeinsam, die Leiden und die Misshandlungen, die ihnen durch das Unverständnis ihres Umfeldes zugefügt wurden, zu überwinden.<br />CSF/HOG unterstützte in den letzten Jahren die Hilfe zur Selbsthilfe um den großen, auftretenden Schwierigkeiten entgegenzutreten, wie z.B. das beharrliche Schweigen derer, die Bescheid wissen, das Sterben der Zeitzeugen, die Sprachprobleme und nicht zuletzt die ungeklärte Rechtslage um Zugang zu den Archiven zu erhalten.</p>
<h4><strong>Die Solidarität, die Zusammenarbeit, das offene Ohr und die Beratung haben es vielen Kriegskindern, bei ihrer Identitätssuche ermöglicht, voranzukommen und führten bei zahlreichen zu einem glücklichen Abschluss.</strong></h4>
<p>[/et_pb_text][/et_pb_column][/et_pb_row][/et_pb_section]</p>

<p>Warum Herzen ohne Grenzen? &nbsp; Ende des Jahres 2005 trafen sich einige Kriegskinder, verbunden durch ihren langen Leidensweg, um sich zusammen zu schließen. Ziel ist es, denen die Hand zu reichen, die von einem Elternteil wegen des 2. Weltkrieges getrennt wurden. Es geht um Kinder, deren Väter Besatzungssoldaten der Wehrmacht in Frankreich, oder aber Kinder [&hellip;]</p>

<!-- This site is optimized with the Yoast SEO plugin v27.5 - https://yoast.com/product/yoast-seo-wordpress/ -->
<title>Pourquoi Cœurs sans Frontières ? - CSF - HOG</title>
<meta name="robots" content="index, follow, max-snippet:-1, max-image-preview:large, max-video-preview:-1" />
<link rel="canonical" href="https://www.coeurssansfrontieres.com/de/pourquoi-coeurs-sans-frontieres/" />
<meta property="og:locale" content="de_DE" />
<meta property="og:type" content="article" />
<meta property="og:title" content="Pourquoi Cœurs sans Frontières ? - CSF - HOG" />
<meta property="og:description" content="Warum Herzen ohne Grenzen? &nbsp; Ende des Jahres 2005 trafen sich einige Kriegskinder, verbunden durch ihren langen Leidensweg, um sich zusammen zu schließen. Ziel ist es, denen die Hand zu reichen, die von einem Elternteil wegen des 2. Weltkrieges getrennt wurden. Es geht um Kinder, deren Väter Besatzungssoldaten der Wehrmacht in Frankreich, oder aber Kinder [&hellip;]" />
<meta property="og:url" content="https://www.coeurssansfrontieres.com/de/pourquoi-coeurs-sans-frontieres/" />
<meta property="og:site_name" content="CSF - HOG" />
<meta property="article:modified_time" content="2021-04-18T15:23:11+00:00" />
<meta name="twitter:card" content="summary_large_image" />
<meta name="twitter:label1" content="Geschätzte Lesezeit" />
	<meta name="twitter:data1" content="1 Minute" />
<script type="application/ld+json" class="yoast-schema-graph">{"@context":"https:\/\/schema.org","@graph":[{"@type":"WebPage","@id":"https:\/\/www.coeurssansfrontieres.com\/de\/pourquoi-coeurs-sans-frontieres\/","url":"https:\/\/www.coeurssansfrontieres.com\/de\/pourquoi-coeurs-sans-frontieres\/","name":"Pourquoi Cœurs sans Frontières ? - CSF - HOG","isPartOf":{"@id":"https:\/\/www.coeurssansfrontieres.com\/fr\/#website"},"datePublished":"2021-04-17T14:33:10+00:00","dateModified":"2021-04-18T15:23:11+00:00","breadcrumb":{"@id":"https:\/\/www.coeurssansfrontieres.com\/de\/pourquoi-coeurs-sans-frontieres\/#breadcrumb"},"inLanguage":"de","potentialAction":[{"@type":"ReadAction","target":["https:\/\/www.coeurssansfrontieres.com\/de\/pourquoi-coeurs-sans-frontieres\/"]}]},{"@type":"BreadcrumbList","@id":"https:\/\/www.coeurssansfrontieres.com\/de\/pourquoi-coeurs-sans-frontieres\/#breadcrumb","itemListElement":[{"@type":"ListItem","position":1,"name":"Accueil","item":"https:\/\/www.coeurssansfrontieres.com\/de\/"},{"@type":"ListItem","position":2,"name":"Pourquoi Cœurs sans Frontières ?"}]},{"@type":"WebSite","@id":"https:\/\/www.coeurssansfrontieres.com\/fr\/#website","url":"https:\/\/www.coeurssansfrontieres.com\/fr\/","name":"Cœurs sans frontières","description":"Association franco-allemande des Enfants de la Seconde Guerre Mondiale","potentialAction":[{"@type":"SearchAction","target":{"@type":"EntryPoint","urlTemplate":"https:\/\/www.coeurssansfrontieres.com\/fr\/?s={search_term_string}"},"query-input":{"@type":"PropertyValueSpecification","valueRequired":true,"valueName":"search_term_string"}}],"inLanguage":"de"}]}</script>
<!-- / Yoast SEO plugin. -->

Pourquoi Cœurs sans Frontières ? - CSF - HOG

Warum Herzen ohne Grenzen? &nbsp; Ende des Jahres 2005 trafen sich einige Kriegskinder, verbunden durch ihren langen Leidensweg, um sich zusammen zu schließen. Ziel ist es, denen die Hand zu reichen, die von einem Elternteil wegen des 2. Weltkrieges getrennt wurden. Es geht um Kinder, deren Väter Besatzungssoldaten der Wehrmacht in Frankreich, oder aber Kinder [&hellip;]

Cœurs sans frontières
